hat is the units digit of a*(3 + (-46)/3)?
7
Let r(c) = -7*c**3 + 7*c**2 + c - 9. Let n(x) = 13*x**3 - 14*x**2 - x + 17. Suppose 0*h - 11 = h. Let f(v) = h*r(v) - 6*n(v). What is the units digit of f(6)?
3
What is the tens digit of (-8)/(-10)*340/8?
3
What is the units digit of (-2)/(-10) - 1645/(-25) - 3?
3
Suppose -h = 4*h. What is the units digit of (-44)/(-6)*(3 + h)?
2
Suppose -3*y + 24 = d, 3*y = y + 2*d + 24. Let i be (-1 - y)*(-8)/(-20). Let h = i - -10. What is the units digit of h?
6
Suppose f = 7*o - 3*o + 7, -f + 3*o = -4. Let h = f + 13. Let d = h - 2. What is the units digit of d?
6
Let s = -100 + 185. What is the tens digit of s?
8
Let s = 30 - 72. Let q = -23 - s. What is the tens digit of q?
1
Let j be -6*((-9)/6)/3. Let t(c) = 3 + j*c - 1 - 3. What is the units digit of t(2)?
5
Let g(f) = f**3 + 10*f**2 + 11*f - 4. What is the units digit of g(-8)?
6
Let p be ((-5)/(-15))/((-2)/(-246)). Suppose 20 = -4*g, -7*h + 3*h + p = 3*g. What is the units digit of h?
4
Suppose -a + 3*h = -22, -4*a + 5*h + 21 = -46. What is the units digit of a?
3
Let c(g) = 4*g - 2. What is the tens digit of c(20)?
7
Suppose -2*b - 1 = 3*o + 11, -2*o + b - 1 = 0. Let j = o - -17. Let l = 21 - j. What is the units digit of l?
6
Let w be (-3)/((3 - 2)*-1). Let o(d) = -6*d - 4. Let s be o(w). Let i = -11 - s. What is the units digit of i?
1
Suppose c - 2*c = -18. Let k = 25 - c. What is the units digit of k?
7
Let x = -2 + 4. Let m = 4 - 0. Suppose -6 + x = -4*l + m*z, 4*z = -5*l + 41. What is the units digit of l?
5
Let i = -198 - -294. Suppose 3*z - i = -4*v, v + 2*v - 32 = -z. Suppose 0 = -4*u + 2*q - 0*q + z, -5*q = 2*u + 8. What is the units digit of u?
6
Let c(o) = -o**2 - 6*o + 5. Let x be c(-7). What is the tens digit of (x/(-5))/((-7)/(-280))?
1
Let d be -5 - (3 + -1) - -1. Let t = 8 + d. What is the units digit of 3 + t*2/(-2)?
1
Let j = 328 + -218. Suppose -5*m = -0*m - j. What is the tens digit of m?
2
Suppose 8*t = 537 - 113. What is the tens digit of t?
5
Let y = -182 + 549. What is the hundreds digit of y?
3
Let o(y) = y**3 - 7*y**2 + 2*y - 1. What is the tens digit of o(7)?
1
Let v(m) = 5*m - 5. Let z be v(5). Suppose -3*t - z = t. Let u = 1 - t. What is the units digit of u?
6
Let x be (0 + 0 + -1)*6. Let z be (-23)/2 + 9/x. Let a = 18 + z. What is the units digit of a?
5
Let c be (1 - 1) + 4 - 2. Let d be 26 + c/(0 + 2). Let z = -18 + d. What is the units digit of z?
9
Suppose 5*f - 1 = 9. Let q = f - -4. What is the units digit of q?
6
Let f = -13 + 94. What is the units digit of f?
1
Let z be (-10)/(-35) - (-80)/14. Suppose z*p = p + 65. What is the tens digit of p?
1
Suppose 0 = 5*x + 58 - 168. Let s = x + -16. Let t = 14 - s. What is the units digit of t?
8
Let a(z) be the second derivative of z**3/6 + z**2/2 + 3*z. What is the units digit of a(11)?
2
Let j(u) = u + 2. Suppose 2*m - 21 = -3*p, -1 = 2*p + m - 15. What is the units digit of j(p)?
9
Let u be (-4 + 5)/(1*-1). Let x(i) = 14*i**2 + i + 1. What is the tens digit of x(u)?
1
Let r be (-21)/(-12) - (-2)/8. Let a be ((-16)/(-3))/((-1)/3). What is the units digit of 2 + a/(r*-1)?
0
Suppose 15 = 2*d + d. Suppose 0 = s + 5*y - 10, 3*y = -0*s - 2*s + 13. Suppose 5*g - 27 - 13 = -s*b, -10 = g - d*b. What is the units digit of g?
5
Let m = -17 - -27. What is the units digit of m?
0
Suppose 2*u - 14 = -4*m, -5*m + m + 5 = -u. What is the tens digit of ((-2)/u)/(2/(-72))?
2
Suppose 0 = k - 60 - 5. What is the units digit of k?
5
Let s(f) = f**3 + 27*f**2 - 30*f + 6. What is the tens digit of s(-28)?
6
Let r(w) = 8*w - 1. Let s be r(1). Suppose -4*n = s - 99. What is the units digit of n?
3
Let r(s) = s**2 - 7*s + 8. Let c be r(6). Let m(u) = 3*u - 3 + 4*u + c - u**3 + 5*u**2. What is the units digit of m(6)?
5
Let h be (6/5)/(15/50). Suppose -c - c = -s - 8, -s - h*c = -22. What is the units digit of s?
2
Let u(z) = 7*z**2 + z - 1. Let m be u(1). Let q = m + -9. What is the units digit of (q + 1)*(-5)/1?
5
Suppose 5*j + 2*j = 259. What is the tens digit of j?
3
Let r = 131 - 63. What is the units digit of (6/24)/(1/r)?
7
Let h(w) = -2*w**3 - 3*w**2 + 5*w - 2. What is the units digit of h(-4)?
8
Suppose -25 = -h - 2*p - p, -5*h - 5*p + 135 = 0. What is the tens digit of h?
2
Suppose 5*v = -2*i + 5, -6*v + 2*v + 2*i + 22 = 0. Suppose 12 = t + v. What is the units digit of (3/t)/((-2)/(-42))?
7
Suppose 14*h + 292 = 3162. What is the tens digit of h?
0
Suppose -4*w - 3*p = -28, 2*w - 4*p = -5*p + 12. Suppose -y - 10 = -4*h, -w*y + 2 + 3 = -h. Suppose -y*b = -2 + 12, -c - 8 = 3*b. What is the units digit of c?
7
Suppose 2*m + 25 = 3*m. Let z = -12 + m. What is the units digit of z?
3
Let g = 154 - 101. What is the tens digit of g?
5
Let l be 1*-5*1/(-1). Suppose 2*n + l*m = -11, -3 + 0 = m. Suppose -5*j + n*k = -24, -3*j + 15 = 3*k - 12. What is the units digit of j?
6
Let h be (-1)/(-2) + (-21)/(-6). Suppose -h*x + 5 + 3 = 0. What is the units digit of x?
2
Suppose 0 = -3*p + 103 + 86. What is the units digit of p?
3
Let w(x) = 3*x + 6. Let n be w(-8). Let t = 37 + n. What is the units digit of t?
9
Let r(g) = 2*g**3 - 5*g**2 - 2*g + 6. What is the tens digit of r(4)?
4
Let t(b) = b**3 + 5*b**2 - 4*b + 1. Let q = 2 + 0. Suppose 5 = -q*o + o. What is the tens digit of t(o)?
2
Let w = -27 + 51. What is the units digit of w?
4
Suppose -5*k - 15 = 0, 0 = -w - w - 2*k. Suppose -w*m + 22 = -2*m. What is the tens digit of m?
2
Let m(k) = k**3 + 7*k**2 - 6*k + 6. Let h be m(-7). Suppose -3*f = g, 4*g + 0*f - h = 4*f. What is the units digit of g?
9
Let o = -342 + 666. What is the hundreds digit of o?
3
Let p = -112 + 528. What is the tens digit of p?
1
Let f = 24 - -131. What is the tens digit of f?
5
Suppose -n + 3*j + 10 = 5*j, -2*j + 2 = -n. Suppose -n*x + 56 = -0*x - 4*w, x + 2*w = 2. Let h = x + -6. What is the units digit of h?
4
Let v = -21 - -97. Suppose -5*n = -n - v. What is the units digit of n?
9
Let f(s) = s**2 + 8*s - 9. Let q be f(-9). Suppose -5*l + l + 16 = q. Let o(x) = -x**3 + 6*x**2 - 7*x + 4. What is the units digit of o(l)?
8
Suppose -4*y - 3 - 13 = 4*l, -10 = -5*l + y. Suppose -7 = -3*d - 3*b - l, 0 = -d + 5*b + 2. Suppose 0 = d*t - t - 4. What is the units digit of t?
4
Let n = -118 - -74. Let z = 0 - n. What is the units digit of z?
4
Let r be 3 + (-2 - -1)*-5. What is the tens digit of r + -4*1/(-2)?
1
Let l be (2 - 3)*(-1 - 4). What is the units digit of ((-6)/l)/(-3)*5?
2
Suppose -2*n + w = -4*n + 14, -4*n + 3*w = -8. Suppose n*b + 4 - 24 = 0. What is the units digit of b?
4
Let w = 23 - 15. Suppose w*m + 85 = 13*m. What is the tens digit of m?
1
Let d = -19 - -37. What is the tens digit of d?
1
Suppose -5 = m - 2*o, -5*o + 19 = 2*m - 7. Suppose 8 = -m*x - 10. What is the units digit of ((-2)/x)/(4/12)?
1
Let p be 5*(0 + 9)/3. Let i(u) = -5*u - 2. Let f be i(-1). Suppose 2*r = f*l - p, -3*r = -6*r. What is the units digit of l?
5
Suppose -21 = -3*s - 3*g, -6*s + s + 26 = 2*g. Suppose -5*j + 2*p + 2*p = -56, -2*p = s*j - 24. What is the units digit of j?
8
Let s = 6 - 8. Let j = 20 + s. What is the units digit of j?
8
Let g = -3 + 1. Let k(w) = w + 2*w**2 - 3*w**2 + 1 + 0*w**3 - w**3 + 0*w**2. What is the units digit of k(g)?
3
Let i(k) = 7*k**2 - 17*k + 28. Let u(t) = 4*t**2 - 8*t + 14. Let o(y) = 3*i(y) - 5*u(y). What is the tens digit of o(11)?
1
Suppose -153*a = -149*a - 708. What is the tens digit of a?
7
Let v = 1 - -23. What is the tens digit of v?
2
Let p be (-87)/(-4) + 1/4. Suppose t - p = 10. Suppose 2*c = -4*y + 28, 4*c - t = y + 3*y. What is the units digit of c?
0
Let y(z) = 19*z + 2. What is the units digit of y(2)?
0
Suppose -7*k = -3*k. Suppose -4*l + 0*l = -p - 2, k = 2*p - 5*l - 5. What is the tens digit of p?
1
Let o(y) = -y**3 + 3*y**2 + 4*y + 5. Suppose 28 = 2*k + 4. Suppose 3*v + 0*v - k = 0. What is the units digit of o(v)?
5
Let f = 155 + -108. What is the tens digit of f?
4
Suppose 2*s = 6*s + 16. Let u = s - -10. What is the units digit of u?
6
Suppose 0 = 6*x + x - 42. Let p be (-20)/(-2)*1/(-2). Let i = p + x. What is the units digit of i?
1
Suppose -4*l + 36 = -5*h, -2*h + 49 = 4*l - 15. What is the units digit of l?
4
Suppose 0*y + 3*y = -3*j, 9 = -3*y. What is the units digit of j?
3
Let k(c) = 4*c**2 - c - 3. Let m be (-2 + -2)/((-5)/